 s be 4 + 13*(3 + -2). Suppose s*c = -13 - 21. Calculate i(c).
-3
Let k(o) = 40*o**2 - 25*o - 4. Let r(y) = -23*y**2 + 14*y + 2. Let m(a) = -4*k(a) - 7*r(a). Calculate m(6).
50
Let y = -12341 - -12330. Let s(o) = o**3 + 10*o**2 - 15*o - 49. Give s(y).
-5
Let i(n) = 127*n - 1103. Let g(v) = 43*v - 371. Let d(a) = -8*g(a) + 3*i(a). Give d(9).
-8
Suppose 2*k - 62 = f, 5*f + k - 30 = -274. Let x(a) = 2*a**2 + 104*a + 203. Calculate x(f).
3
Let a(s) = -2*s**2 + 2*s - 1. Let c(m) = 22*m**2 - 28*m + 2. Let o(q) = 42*q**2 - 58*q + 2. Let g(u) = 9*c(u) - 4*o(u). Let w(h) = 10*a(h) + g(h). Give w(1).
10
Let f(m) be the third derivative of -2/3*m**4 + 8*m**2 + 0*m**3 + 0 + 1/720*m**6 - 1/60*m**5 + 0*m. Let y(d) be the second derivative of f(d). What is y(-3)?
-5
Let v = 4622 + -4605. Let p(r) = r**3 - 16*r**2 - 17*r - 14. Calculate p(v).
-14
Let m(d) = -7*d**2 + 23*d + 23. Let h = -898 - -901. Let c(k) = 1 + 12*k + 9 - 4*k**2 + 2. Let j(r) = h*m(r) - 5*c(r). What is j(10)?
-1
Let a be ((-8)/28 - 18/(-14))*(-430)/86. Let s(f) = -f**3 - 5*f**2 + 5*f + 2. Let q be s(-6). Let l(p) = p**2 - 4*p + q*p + 6*p - 4 - 4*p. What is l(a)?
-9
Let v(u) = 4*u + 6. Let g(y) = -12*y - 13. Let i(j) = 4*g(j) + 11*v(j). Calculate i(3).
2
Let f(c) = -31*c - 11*c**2 - 10*c**2 + 26*c**2 + 44 - 3*c**2. Let l be f(14). Let a(s) = -3*s - 1. Determine a(l).
-7
Suppose 3 - 3 = 2*r. Suppose r*k + 2*c = 3*k - 10, 3*c = k - 8. Let h be (126/(-28))/(k/4). Let i(v) = v**3 + 9*v**2 + v + 11. What is i(h)?
2
Let d(u) = -u**2 - 7*u - 2. Let w = -20711 + 20704. What is d(w)?
-2
Suppose 45 = 5*p + 32*b - 37*b, 14 = 2*p - 4*b. Let n(k) be the first derivative of -p + 4/3*k**3 + 1/2*k**2 + 1/4*k**4 + 2*k. Give n(-4).
-2
Let p(w) = -10959 + 43*w + 21912 - 4*w + 2*w**2 - 10978. Give p(-20).
-5
Let o(a) = 129*a**3 + 9*a**2 - 12*a + 37. Let p(v) = 295*v**3 + 21*v**2 - 28*v + 86. Let y(z) = 16*o(z) - 7*p(z). Give y(-5).
20
Let t(o) = 3 - 2*o**2 - o**2 + 20*o - 24*o + 7. What is t(-4)?
-22
Let n(x) = -x**2 + 19*x - 8. Let y be n(19). Let p(s) = s**2 + 15*s + 3. Determine p(y).
-53
Suppose 4*j = -l + 4, -5*j + 12 + 18 = -5*l. Suppose -s = 2*y - 16, -j*s = s + y - 28. Suppose -16 - 8 = s*x. Let p(r) = 2*r - 4. What is p(x)?
-10
Let a(c) be the third derivative of c**5/60 - 3*c**4/4 + 3*c**3/2 - 1121*c**2 - 2. Give a(18).
9
Let l(s) = s**2 + 6*s - 6. Let y be l(-7). Suppose 0 = 5*j - y + 21. Let u(m) = -11*m + 6. Let x(b) = -6*b + 3. Let t(c) = 3*u(c) - 5*x(c). Determine t(j).
15
Let v(m) be the third derivative of -m**5/60 + m**4/8 + 5*m**3/3 - m**2. Let r = 12315 - 12311. Give v(r).
6
Let j(s) = -2*s. Let l(u) = 3*u. Let a(y) = 4*j(y) + 3*l(y). Let k be ((-9)/(-3))/((-3)/(-2)). Let q = k - -1. Determine a(q).
3
Let m(i) = 156046 - 12*i - 78017 + 0*i**2 - 77990 + i**2. Calculate m(8).
7
Let z(t) = 12*t - 7*t + 319 - 599 + 285. Calculate z(1).
10
Let c(q) = q**3 - 2*q + 1. Suppose 2*i = -3*i - 3*g + 32, -3*g + 20 = 2*i. Suppose 8*u - 36 = i. Suppose 0 = u*b + b - 12. What is c(b)?
5
Let w = 3631 - 2064. Let n(j) = 7 + 1566*j**3 - w*j**3 + 1 - 2*j**2 + 8*j - 3*j**2. Calculate n(-6).
-4
Let i(p) = -3*p**3 - 2*p**2 + 4*p - 3. Let d = 320 + -296. Suppose 3*f + d = 2*v + 5, -3*v + 11 = -f. Calculate i(v).
-27
Let d be (-16)/(-6) - (16 - (-460)/(-30)). Let z(n) be the first derivative of -7/2*n**d + 1/3*n**3 + 3 - 6*n. Determine z(7).
-6
Suppose 0 = -2*x - 4*p - 1 + 3, 4*p - 13 = -3*x. Let j(o) = -2*o + 5. Calculate j(x).
-17
Suppose 4*f + 2*k - 128 = 0, -92 = -4*f + 4*k + 48. Let x(v) = 5*v**2 - 167*v + 72. Let u be x(f). Let c(w) = w**2 - 6*w + 3. Determine c(u).
3
Let v(x) = -10*x - 1. Suppose q - 6 = -13*c + 14*c, 2*q = 4*c + 20. Let y(o) = 2*o**2 + 3*o**2 - 5 + 3*o - 4*o**2. Let k be y(c). Determine v(k).
9
Let h(d) = d**3 + 13*d**2 - 34*d - 33. Let a be h(-15). Suppose 72 = -3*m + a*m. Let l(b) = b**3 - 3*b**2 - b + 2. Determine l(m).
-1
Let s(a) = -a**2 - 9*a + 43. Suppose 18*o + 84*o + 912 = -516. What is s(o)?
-27
Let a(c) = 13*c**3 - 18*c**2 - 6. Let j(o) = 21*o**3 - 28*o**2 - 8. Let q(m) = 8*a(m) - 5*j(m). Determine q(-6).
64
Let l(r) = 85*r - 2407. Let a be l(28). Let t(g) = g + 34. Give t(a).
7
Let r(s) = 2*s**2 + 199*s + 10. Let o(a) = 15*a**2 + 1462*a + 71. Let m(w) = -3*o(w) + 22*r(w). Suppose 0 = 5*h - 2*d + 57 - 8, -3*d = -6. Calculate m(h).
-2
Suppose -73*x + 55 = -310. Let m(v) = -20517*v**2 + 20508*v**2 - x*v + 2*v + 2*v + 1. Let i(o) = o - 4. Let k be i(5). Determine m(k).
-9
Let n(i) be the second derivative of -2*i**4/3 + i**3/3 - i**2 - 26*i + 23. What is n(-1)?
-12
Let c(n) = 5*n - 4. Let z(p) = 4*p - 8. Let b(y) = -5*c(y) + 4*z(y). What is b(-7)?
51
Let s be (2 - 1)/((-2)/8). Let f(x) = x**3 - 13*x**2 - 3*x - 5. Let v(j) = 6*j**3 - 69*j**2 - 14*j - 28. Let a(u) = -11*f(u) + 2*v(u). What is a(s)?
-5
Let f = 202 + -23. Let b(c) = -526*c**2 - c + 171*c**2 - 7 + f*c**2 + 175*c**2. Let z(s) = -s + 4. Let u be z(4). Give b(u).
-7
Let u be (-6)/(-2)*14/(-6). Suppose -228 = -43*d + 5*d. Let v(c) = d - 4 - 10 + 4*c - c**2 - 7*c - 4*c. What is v(u)?
-8
Let d(o) be the third derivative of o**7/2520 + 7*o**6/720 - 11*o**5/120 + 7*o**4/12 - 104*o**2 + 2. Let h(z) be the second derivative of d(z). Determine h(-8).
-3
Let t(q) = -q - 20. Let m be t(-19). Let i be 3*(-2 - (2 - m)). Let g(x) = x - 1. Let z(r) = 4*r - 5. Let p(l) = i*g(l) + 3*z(l). What is p(-1)?
3
Let f(a) = 10*a**3 + 37*a**2 + 25*a + 17. Let p(r) be the first derivative of 3*r**4/4 + 4*r**3 + 4*r**2 + 6*r - 298. Let h(q) = 2*f(q) - 7*p(q). Give h(-9).
-35
Let u(c) = c**2 + 9*c + 2. Let r be (-30)/(-50) - 6/10. Suppose -4*z + r = 28. What is u(z)?
-12
Let y(h) = h**3 + 10*h**2 + 103*h + 576. Let r be y(-7). Let b(u) be the first derivative of 6*u + 19 - 1/2*u**r. Give b(3).
3
Let r(q) = 3*q**3 + 5*q**2 - 7*q + 2. Let s be r(1). Let g(w) = -s*w - 2364 + 2364. Give g(-4).
12
Let w(y) be the first derivative of -y**4/4 + 2*y**3 + 3*y**2 + 7*y + 1234. What is w(7)?
0
Let y = -2 + 2. Let i(x) = -x**2 + 7*x - 76. Let z(u) = -u**2 + 8*u - 91. Let d(f) = 6*i(f) - 5*z(f). Calculate d(y).
-1
Let u(w) = w**3 - 11*w**2 - 11*w - 9. Suppose -10*p + 10 = -0*p. Let b be p/3 - (-1575)/135. Calculate u(b).
3
Let i(w) be the third derivative of w**5/60 - w**4/3 + 5*w**3/6 - 49*w**2 + w. Suppose 20*q - 98 = 2. Determine i(q).
-10
Let s = 223 - 220. Let f(c) = c**2 + 93*c**3 - 4 + 3 - 41*c**3 - 48*c**s. Give f(-1).
-4
Let d(w) = -4*w - 3*w - 3*w - 5*w**2 + 3*w + 7 + 23*w. Calculate d(4).
-9
Let k(h) = -h**2 - 5*h + 6. Let b(j) be the third derivative of -7*j**4/12 + 5*j**3/2 + 32*j**2. Let i be b(4). Let l = 36 + i. What is k(l)?
6
Let y be -2 + 5 + 0/1. Let r(a) = 4 + 5*a**3 - 1 + 2*a**y - 2. Let n be r(-1). Let v(k) = k**3 + 6*k**2 - 3*k - 8. Calculate v(n).
10
Let q(l) = 4*l**3 + 9*l**2 - 2*l + 13. Let p(k) = 9*k**3 + 17*k**2 - 3*k + 29. Let s(z) = 2*p(z) - 5*q(z). Calculate s(-6).
5
Let h(k) = -108 - 7 + 116 - 28*k - 6. What is h(2)?
-61
Let c(g) = -g**3 - 11*g**2 - g + 51. Let h(m) = m**3 + 14*m**2 - 62. Let q(j) = 5*c(j) + 4*h(j). What is q(4)?
-61
Let m(a) = 17*a - 3. Let f(t) = -148*t - 158. Let i(l) = -2*f(l) - 14*m(l). Calculate i(-6).
10
Let x(n) = -n + 12952*n**2 - 12 + 12960*n**2 - 25913*n**2. What is x(-3)?
-18
Let w(b) = 39 - 96 + 17 + 13 + 18 + 16*b. Calculate w(-4).
-73
Let l(r) be the second derivative of 1/6*r**4 + 0 - 73*r - 1/6*r**3 - 5/2*r**2. Determine l(4).
23
Let o be -4*(1 + (-10)/4). Let g(t) = -5*t**2 + t - 1. Let r(i) = -4*i**2 + 2*i. Suppose 3 = m - 2*m. Let u(a) = m*g(a) + 4*r(a). What is u(o)?
-3
Let i(t) = -t - 7. Suppose -11*g + 21 = -12. Suppose -v + 8 = 4*a - 3, 9 = 3*v. Suppose r - 29 = 4*o, -a*r = r - g. What is i(o)?
0
Let j(b) = -5*b**3 - 17*b**2 - b + 9. Let h be j(-3). Let s(k) = k**2 + 2*k - 21. Determine s(h).
3
Let v = -153 - -147. Let f be -4*((-99)/v)/(-11). Let h(p) = -p**3 + 7*p**2 - 6*p - 7. Give h(f).
-7
Let l be (-4)/(-2) - (-108)/6. Let z be (l/(-4) - -6)*1/1. Let q(s) = -3*s - 20*s**2 + 2*s - 4 + 5. Determine q(z).
-20
Let w(h) be the second derivative of h**3/3 - 10*h**2 + 2*h - 102. Calculate w(-4).
-28
Let x(u) be the third derivative of -3/8*u**4 + 0 + 63*u**2 - 1/60*u**5 + 0*u - 1/3*u**3. Determine x(-7).
12
Let b be 2/(4/18) + 1. Let f(d) = -b - 8*d + 65*d**3 - 9*d**2 - 64*d**3 - 1. Give f